ivided by 50?
23
Calculate the remainder when 1493 is divided by 11.
8
Calculate the remainder when 2012 is divided by 24.
20
What is the remainder when 110 is divided by 16?
14
What is the remainder when 625 is divided by 301?
23
What is the remainder when 1674 is divided by 421?
411
Calculate the remainder when 246 is divided by 118.
10
Calculate the remainder when 82 is divided by 42.
40
Calculate the remainder when 167 is divided by 90.
77
What is the remainder when 18088 is divided by 9?
7
Calculate the remainder when 151 is divided by 95.
56
What is the remainder when 132 is divided by 66?
0
Calculate the remainder when 528 is divided by 53.
51
What is the remainder when 559 is divided by 30?
19
What is the remainder when 1259 is divided by 60?
59
What is the remainder when 589 is divided by 5?
4
What is the remainder when 394 is divided by 231?
163
Calculate the remainder when 188 is divided by 76.
36
Calculate the remainder when 48 is divided by 19.
10
Calculate the remainder when 87 is divided by 11.
10
What is the remainder when 98 is divided by 10?
8
What is the remainder when 4113 is divided by 17?
16
Calculate the remainder when 4268 is divided by 75.
68
What is the remainder when 7 is divided by 2?
1
Calculate the remainder when 611 is divided by 50.
11
What is the remainder when 653 is divided by 135?
113
What is the remainder when 214 is divided by 115?
99
Calculate the remainder when 9992 is divided by 3328.
8
Calculate the remainder when 1909 is divided by 24.
13
What is the remainder when 1111 is divided by 4?
3
Calculate the remainder when 7042 is divided by 30.
22
Calculate the remainder when 216 is divided by 20.
16
What is the remainder when 42 is divided by 11?
9
Calculate the remainder when 1237 is divided by 73.
69
Calculate the remainder when 97 is divided by 50.
47
Calculate the remainder when 426 is divided by 144.
138
What is the remainder when 2025 is divided by 169?
166
What is the remainder when 461 is divided by 222?
17
Calculate the remainder when 1894 is divided by 947.
0
What is the remainder when 2868 is divided by 565?
43
What is the remainder when 3171 is divided by 28?
7
What is the remainder when 11958 is divided by 115?
113
What is the remainder when 61 is divided by 1?
0
What is the remainder when 173 is divided by 164?
9
What is the remainder when 319 is divided by 18?
13
What is the remainder when 68 is divided by 24?
20
Calculate the remainder when 536 is divided by 18.
14
Calculate the remainder when 4327 is divided by 4.
3
Calculate the remainder when 594 is divided by 50.
44
Calculate the remainder when 2494 is divided by 156.
154
What is the remainder when 5234 is divided by 138?
128
What is the remainder when 114 is divided by 20?
14
What is the remainder when 69 is divided by 55?
14
Calculate the remainder when 446 is divided by 10.
6
Calculate the remainder when 338 is divided by 122.
94
Calculate the remainder when 13 is divided by 7.
6
What is the remainder when 134 is divided by 28?
22
What is the remainder when 287 is divided by 18?
17
Calculate the remainder when 554 is divided by 9.
5
Calculate the remainder when 6613 is divided by 13.
9
What is the remainder when 129 is divided by 34?
27
What is the remainder when 82 is divided by 2?
0
Calculate the remainder when 597 is divided by 510.
87
What is the remainder when 4383 is divided by 32?
31
What is the remainder when 4137 is divided by 12?
9
Calculate the remainder when 168 is divided by 91.
77
Calculate the remainder when 3213 is divided by 1069.
6
Calculate the remainder when 3232 is divided by 296.
272
Calculate the remainder when 4706 is divided by 214.
212
Calculate the remainder when 234 is divided by 38.
6
What is the remainder when 777 is divided by 3?
0
What is the remainder when 9528 is divided by 13?
12
Calculate the remainder when 255 is divided by 83.
6
What is the remainder when 288 is divided by 38?
22
Calculate the remainder when 628 is divided by 63.
61
Calculate the remainder when 1391 is divided by 58.
57
Calculate the remainder when 2995 is divided by 37.
35
Calculate the remainder when 5438 is divided by 321.
302
What is the remainder when 432 is divided by 21?
12
What is the remainder when 947 is divided by 25?
22
What is the remainder when 63 is divided by 8?
7
Calculate the remainder when 7853 is divided by 20.
13
What is the remainder when 15 is divided by 7?
1
Calculate the remainder when 727 is divided by 104.
103
Calculate the remainder when 997 is divided by 111.
109
What is the remainder when 71 is divided by 9?
8
What is the remainder when 973 is divided by 137?
14
What is the remainder when 131 is divided by 25?
6
Calculate the remainder when 182 is divided by 91.
0
Calculate the remainder when 965 is divided by 185.
40
Calculate the remainder when 319 is divided by 40.
39
What is the remainder when 1099 is divided by 28?
7
Calculate the remainder when 192 is divided by 79.
34
What is the remainder when 245 is divided by 31?
28
What is the remainder when 374 is divided by 153?
68
What is the remainder when 114 is divided by 18?
6
What is the remainder when 384 is divided by 132?
120
What is the remainder when 972 is divided by 29?
15
What is the remainder when 1901 is divided by 58?
45
What is the remainder when 142 is divided by 42?
16
What is the remainder when 2670 is divided by 889?
3
What is the remainder when 13620 is divided by 98?
96
What is the remainder when 2151 is divided by 129?
87
Calculate the remainder when 209 is divided by 53.
50
Calculate the remainder when 518 is divided by 517.
1
What is the remainder when 4758 is divided by 948?
18
Calculate the remainder when 362 is divided by 91.
89
What is the remainder when 115 is divided by 48?
19
What is the remainder when 49 is divided by 28?
21
What is the remainder when 3327 is divided by 9?
6
What is the remainder when 89 is divided by 23?
20
Calculate the remainder when 108 is divided by 74.
34
Calculate the remainder when 50 is divided by 19.
12
Calculate the remainder when 617 is divided by 51.
5
What is the remainder when 1102 is divided by 16?
14
Calculate the remainder when 1012 is divided by 26.
24
What is the remainder when 128 is divided by 49?
30
Calculate the remainder when 706 is divided by 57.
22
Calculate the remainder when 177 is divided by 94.
83
What is the remainder when 226 is divided by 66?
28
What is the remainder when 655 is divided by 334?
321
What is the remainder when 212 is divided by 107?
105
What is the remainder when 539 is divided by 9?
8
What is the remainder when 92 is divided by 24?
20
What is the remainder when 2534 is divided by 836?
26
Calculate the remainder when 167 is divided by 10.
7
Calculate the remainder when 31 is divided by 7.
3
Calculate the remainder when 412 is divided by 35.
27
Calculate the remainder when 917 is divided by 271.
104
What is the remainder when 38707 is divided by 207?
205
What is the remainder when 1549 is divided by 8?
5
What is the remainder when 298 is divided by 5?
3
Calculate the remainder when 1828 is divided by 603.
19
What is the remainder when 893 is divided by 297?
2
Calculate the remainder when 1469 is divided by 92.
89
What is the remainder when 738 is divided by 53?
49
What is the remainder when 417 is divided by 16?
1
What is the remainder when 1743 is divided by 146?
137
Calculate the remainder when 193 is divided by 30.
13
What is the remainder when 3197 is divided by 7?
5
Calculate the remainder when 27 is divided by 15.
12
What is the remainder when 676 is divided by 98?
88
What is the remainder when 1016 is divided by 146?
140
What is the remainder when 904 is divided by 227?
223
Calculate the remainder when 729 is divided by 50.
29
What is the remainder when 230 is divided by 13?
9
Calculate the remainder when 71 is divided by 21.
8
Calculate the remainder when 587 is divided by 127.
79
What is the remainder when 420 is divided by 144?
132
Calculate the remainder when 1738 is divided by 216.
10
Calculate the remainder when 134 is divided by 23.
19
What is the remainder when 1024 is divided by 351?
322
What is the remainder when 118 is divided by 57?
4
What is the remainder when 52 is divided by 5?
2
What is the remainder when 253 is divided by 37?
